{"id":87,"date":"2018-04-02T22:58:10","date_gmt":"2018-04-02T20:58:10","guid":{"rendered":"http:\/\/proxi-des-abatilles.fr\/?page_id=87"},"modified":"2022-05-01T21:40:52","modified_gmt":"2022-05-01T19:40:52","slug":"chez-sophie-produits-regionaux","status":"publish","type":"page","link":"https:\/\/proxi-des-abatilles.fr\/index.php\/chez-sophie-produits-regionaux\/","title":{"rendered":"Produits R\u00e9gionaux"},"content":{"rendered":"<h6>L&rsquo;\u00e9picerie Chez Sophie vous propose une s\u00e9lection de produits r\u00e9gionaux:<img loading=\"lazy\" class=\"alignright wp-image-179 size-medium\" src=\"http:\/\/proxi-des-abatilles.fr\/wp-content\/uploads\/2022\/05\/chez_sophie_produits-regionaux-300x135.jpg\" alt=\"Chez Sophie, sup\u00e9rette, \u00e9picerie des abatilles, commerce proximit\u00e9, ouvert tous les jours, arcachon\" width=\"300\" height=\"135\" srcset=\"https:\/\/proxi-des-abatilles.fr\/wp-content\/uploads\/2022\/05\/chez_sophie_produits-regionaux-300x135.jpg 300w, https:\/\/proxi-des-abatilles.fr\/wp-content\/uploads\/2022\/05\/chez_sophie_produits-regionaux-1024x461.jpg 1024w, https:\/\/proxi-des-abatilles.fr\/wp-content\/uploads\/2022\/05\/chez_sophie_produits-regionaux-768x346.jpg 768w, https:\/\/proxi-des-abatilles.fr\/wp-content\/uploads\/2022\/05\/chez_sophie_produits-regionaux-1536x691.jpg 1536w, https:\/\/proxi-des-abatilles.fr\/wp-content\/uploads\/2022\/05\/chez_sophie_produits-regionaux.jpg 1600w\" sizes=\"(max-width: 300px) 100vw, 300px\" \/><\/h6>\n<ul>\n<li>L&rsquo;eau des Abatilles (eau de source plate ou p\u00e9tillante du quartier) en bouteille classique ou Bordelaise<\/li>\n<li>Du Caf\u00e9 de la Torr\u00e9faction de la C\u00f4te d&rsquo;Argent d&rsquo;Arcachon<\/li>\n<li>Artisan Chocolatier de la Rochelle<\/li>\n<li>Les bi\u00e8res de la Brasserie D\u00e9rive (la Teste de Buch)<\/li>\n<li>Les bi\u00e8res de la Brasserie De l&rsquo;Ouest (Gujan-Mestras)<\/li>\n<li>Le pastis Landais<\/li>\n<li>Poulets crus ou cuits des Landes<\/li>\n<li>Miels du rucher de Lauzun du Lot-et-Garonne<\/li>\n<li>Des conserves fines du Pays Basque Anne Rosez (axoa, garbure, confit, foie gras&#8230;)<\/li>\n<li>Une s\u00e9lection de vins en provenance directe du producteur:<\/li>\n<\/ul>\n<p style=\"padding-left: 120px;\">&#8211; Ch\u00e2teau Pouyanne Graves, rouge ou blanc<\/p>\n<p style=\"padding-left: 120px;\">&#8211; Ch\u00e2teau de l&rsquo;Aubrade Bordeaux, rouge, blanc et ros\u00e9<img loading=\"lazy\" class=\"alignright wp-image-140 size-medium\" src=\"http:\/\/proxi-des-abatilles.fr\/wp-content\/uploads\/2020\/03\/proxi_abatilles5-300x200.jpg\" alt=\"\u00e9picerie Chez Sophie, quartier des Abatilles, Arcachon, commerce proximit\u00e9, ouvert tous les jours, produits r\u00e9gionaux\" width=\"300\" height=\"200\" srcset=\"https:\/\/proxi-des-abatilles.fr\/wp-content\/uploads\/2020\/03\/proxi_abatilles5-300x200.jpg 300w, https:\/\/proxi-des-abatilles.fr\/wp-content\/uploads\/2020\/03\/proxi_abatilles5-768x511.jpg 768w, https:\/\/proxi-des-abatilles.fr\/wp-content\/uploads\/2020\/03\/proxi_abatilles5.jpg 1024w\" sizes=\"(max-width: 300px) 100vw, 300px\" \/><\/p>\n<p style=\"padding-left: 120px;\">&#8211; Domaine Haut-Montlong Bergerac, rouge, blanc, ros\u00e9 et Monbazillac<\/p>\n<p style=\"padding-left: 120px;\">&#8211; Domaine Peytoupin Loupiac<\/p>\n<p style=\"padding-left: 120px;\">&#8211; Ch\u00e2teau St Catherine Cadillac, rouge<\/p>\n<p style=\"padding-left: 120px;\">&#8211; Domaine du Tariquet, C\u00f4te de Gascogne, blanc Classic et Premi\u00e8res Grives<\/p>\n","protected":false},"excerpt":{"rendered":"<p>L&rsquo;\u00e9picerie Chez Sophie vous propose une s\u00e9lection de produits r\u00e9gionaux: L&rsquo;eau des Abatilles (eau de source plate ou p\u00e9tillante du quartier) en bouteille classique ou Bordelaise Du Caf\u00e9 de la Torr\u00e9faction de la C\u00f4te d&rsquo;Argent d&rsquo;Arcachon Artisan Chocolatier de la Rochelle Les bi\u00e8res de la&nbsp;<a class=\"read-more\" href=\"https:\/\/proxi-des-abatilles.fr\/index.php\/chez-sophie-produits-regionaux\/\">&hellip;<\/a><\/p>\n","protected":false},"author":1,"featured_media":0,"parent":0,"menu_order":0,"comment_status":"closed","ping_status":"closed","template":"","meta":[],"_links":{"self":[{"href":"https:\/\/proxi-des-abatilles.fr\/index.php\/wp-json\/wp\/v2\/pages\/87"}],"collection":[{"href":"https:\/\/proxi-des-abatilles.fr\/index.php\/wp-json\/wp\/v2\/pages"}],"about":[{"href":"https:\/\/proxi-des-abatilles.fr\/index.php\/wp-json\/wp\/v2\/types\/page"}],"author":[{"embeddable":true,"href":"https:\/\/proxi-des-abatilles.fr\/index.php\/wp-json\/wp\/v2\/users\/1"}],"replies":[{"embeddable":true,"href":"https:\/\/proxi-des-abatilles.fr\/index.php\/wp-json\/wp\/v2\/comments?post=87"}],"version-history":[{"count":10,"href":"https:\/\/proxi-des-abatilles.fr\/index.php\/wp-json\/wp\/v2\/pages\/87\/revisions"}],"predecessor-version":[{"id":180,"href":"https:\/\/proxi-des-abatilles.fr\/index.php\/wp-json\/wp\/v2\/pages\/87\/revisions\/180"}],"wp:attachment":[{"href":"https:\/\/proxi-des-abatilles.fr\/index.php\/wp-json\/wp\/v2\/media?parent=87"}],"curies":[{"name":"wp","href":"https:\/\/api.w.org\/{rel}","templated":true}]}}